0 + 2*q**4/3 + 5*q**3/3 - 4*q**2 + 8*q. What is the remainder when r(-6) is divided by g?
1
Suppose -2*z = -50 + 18. Calculate the remainder when z is divided by 6.
4
Let w = -15 - -28. Suppose -5*s + 98 + 102 = 5*o, 4*s + 164 = 5*o. Calculate the remainder when o is divided by w.
10
Let p = 21 + -11. Calculate the remainder when 28 is divided by p.
8
Suppose b - 3*q - 12 = 0, -3*b - 3*q + 8*q = -28. Let k = -29 - -32. Calculate the remainder when b is divided by k.
0
Suppose -3*l - 2*l = -75. Suppose 3*d = -0*d + l. Suppose c - 39 = -2*c. What is the remainder when c is divided by d?
3
Suppose -7 = -3*r + 2, -4*g + 66 = -2*r. Calculate the remainder when 89 is divided by g.
17
Suppose -49*l - 20 = -53*l. What is the remainder when 34 is divided by l?
4
Suppose 3*a = 5*a - 16. Suppose -4*r + 26 = 110. Let k = r + 35. Calculate the remainder when k is divided by a.
6
Suppose 0 = -k - g + 34, -4*g + 30 = k - 2*g. What is the remainder when k is divided by 7?
3
Suppose -3*d - 2*a - 8 = -7*a, 4 = 5*d - 4*a. Suppose -d = 4*s - 24. Calculate the remainder when s is divided by 5/2 + (-2)/4.
1
Let z(s) = 12 - 11*s + 2 + 10*s. What is the remainder when z(10) is divided by 3?
1
Let w = -8 - -15. Let p = 11 - w. Suppose -5*u - p*x = -246, -3*x = 2*x + 5. Calculate the remainder when u is divided by 17.
16
Suppose 5*w - 3 = -4*d - 15, -d + 4*w = -18. Calculate the remainder when 2 is divided by d.
0
What is the remainder when 6 is divided by (0 + -2)*(-2)/4?
0
Let y = -52 - -64. Calculate the remainder when 23 is divided by y.
11
Let i = -27 + 41. Suppose -2*a - 116 = -4*j + 2*a, 5*j - a = 133. Calculate the remainder when j is divided by i.
12
Suppose 0 = -5*q - 2*q + 91. Calculate the remainder when q is divided by (-46)/(-6) - 1/(-3).
5
Let x(u) = u**3 - 4*u**2 - 8*u + 6. Let z be (-3 + 4)/((-3)/(-21)). What is the remainder when x(z) is divided by 25?
22
Let y(r) = -r**3 + 4*r**2 - 4*r + 1. Let u be y(3). Let s(j) = 8*j + 1. Calculate the remainder when s(3) is divided by (-2 + u + 17)*1.
12
Suppose 5*d - 2*k + 5*k = -45, -2*d = k + 17. Let b = d - -5. Let a = b - -4. What is the remainder when 7 is divided by a?
1
Let j = 26 - 10. Calculate the remainder when j is divided by 7.
2
Let f(b) = 2*b**2 - 12*b + 1. Calculate the remainder when f(10) is divided by 21.
18
Suppose -3*h = -0*h - 6. Suppose -2*q = -h*d - 37 - 13, 3*q + 3*d - 87 = 0. Calculate the remainder when q is divided by 10.
7
Suppose -4*z + 4 = 3*q + 1, -5*z - 5*q = -5. Suppose -h + 5*h - 8 = z. Suppose 0 = 5*w - h*w - 33. Calculate the remainder when 20 is divided by w.
9
Suppose -3*f + 3 = -33. Let j = f + -7. Calculate the remainder when -1 + 8 + 1 + 1 is divided by j.
4
Suppose p - 17 - 2 = 0. Calculate the remainder when p is divided by 5.
4
Suppose 2*s = -2*s + 72. Let u(w) = 33*w**2 + 1. Let j(n) = -n**2 - 5*n - 3. Let c be j(-4). Calculate the remainder when u(c) is divided by s.
16
Let z = 11 - 4. Let v = 29 + -17. What is the remainder when v is divided by z?
5
Let k(q) = q**3 + q**2 - 13*q - 1. Calculate the remainder when 97 is divided by k(4).
16
Let m = 129 + -62. Calculate the remainder when m is divided by 18.
13
Suppose -4*z + 32 = 3*i, 0*z + 5 = 5*z - 5*i. Let j(q) = -q**3 + 7*q**2 - 6*q + 1. Calculate the remainder when j(z) is divided by 174/30 - 1/(-5).
3
Let g = 52 + -29. Let a(r) = -8*r - 7. Let k(v) = 8*v + 6. Let o(p) = 6*a(p) + 7*k(p). Calculate the remainder when g is divided by o(1).
7
Let p = -118 + 166. Suppose 3*m - p + 15 = 0. Let t = 6 + -2. Calculate the remainder when m is divided by t.
3
Suppose p + 6 = 4*p. Calculate the remainder when 3 is divided by p.
1
Let n(x) = -3*x + 7. Let m be n(5). Let y(a) = a**3 - 5*a**2 - a - 4. What is the remainder when y(6) is divided by ((-12)/m)/((-3)/(-28))?
12
Let c = 29 - 16. Calculate the remainder when 90 is divided by c.
12
Let s = 12 - 9. What is the remainder when s is divided by 2?
1
Suppose 2*s - 1 = -4*c - 3*s, -7 = -4*c - 3*s. Let t(n) = n - 7. Let q be t(7). Suppose c*z = -q*z + 48. What is the remainder when 22 is divided by z?
10
Let p = -2 - -3. Let a = -1 + 2. Suppose a = -g + 2*g. Calculate the remainder when g is divided by p.
0
Calculate the remainder when 372 is divided by ((-77)/(-14))/(1/4) + 3.
22
Suppose 0 = -3*y - 2*y + 2*m + 2, 4*y = 2*m + 2. Suppose 3*o = s - 2, 3*s + y*s - o = -10. Calculate the remainder when ((-6)/s)/((-1)/(-8)) is divided by 7.
5
Let s = 36 - 20. Let d(y) = 12*y**2 + 2*y + 2. Let i(z) = z**2 - 4*z + 2. Let g be i(2). Calculate the remainder when d(g) is divided by s.
14
Suppose n + 25 = 4*r, -7 = 5*r + n - 36. Let q(v) = 3*v**2 - 4*v - 13. What is the remainder when q(r) is divided by 18?
17
Suppose -2*t - 2*t = 4. Let h be (-1*(10 + t))/(-1). Calculate the remainder when 18 is divided by 2/6 + 87/h.
8
Suppose -10 = -0*z - 2*z, 40 = 5*f - 5*z. Suppose 0 = -4*i + 2*i. Suppose i = -5*v + 2*v + 111. What is the remainder when v is divided by f?
11
Suppose -15 = 2*u - 61. Suppose 0 = 3*b - 4*c - u, -5*b + 45 = -3*c - 8. Let j = 45 - 20. What is the remainder when j is divided by b?
12
Suppose -b - b - 24 = 0. Let o = -5 - b. Calculate the remainder when o is divided by 5.
2
Suppose 0 = 2*q + 4. Let c(o) = 3*o**2 - 2*o - 2. Calculate the remainder when c(q) is divided by 5.
4
Suppose -o = s + 1, -3*o = -4*s - o + 20. Let y(q) = -3*q + 3 + 4*q + 2*q. What is the remainder when 34 is divided by y(s)?
10
Let r = 3 + -8. Let k(i) = -3*i. What is the remainder when k(r) is divided by ((-8)/(-5))/((-3)/(-15))?
7
Let b(k) = 2*k**2 - 17*k + 2. Calculate the remainder when b(12) is divided by 22.
20
Suppose 8*s - 6*s = 42. Suppose u = -q + 14 + 4, -u + s = 2*q. What is the remainder when 40 is divided by u?
10
Let f(z) be the second derivative of -z**3/6 - z**2 + 3*z. What is the remainder when (1/(-2))/(2/(-76)) is divided by f(-9)?
5
Suppose 25*o = 32*o - 133. What is the remainder when o is divided by 13?
6
Let y = -12 - 0. Let b = -5 - y. Calculate the remainder when 13 is divided by b.
6
Suppose -3*m - 4*a = -144, 4*m + 0 = -4*a + 192. Suppose -4*j = -j, m = 3*p + j. What is the remainder when p is divided by 9?
7
Let q be (1 + 0)/(1/47). Suppose q = 5*d - 23. Calculate the remainder when 26 is divided by d.
12
Let s be (24/(-30))/(2/(-95)). Suppose -3*n + 69 = -0*n. Let k = s - n. Calculate the remainder when 29 is divided by k.
14
Suppose -v + 43 = 3*v + i, 13 = v + i. Suppose 0 = 4*f - v - 98. What is the remainder when f is divided by 7?
6
Suppose 3*x - 4*f = 7, 5*f - 25 = -x - 2*x. What is the remainder when 8 is divided by x?
3
Let n(g) = 6*g**2 + 2*g + 1. Let d be (0 + -1)*0/2. Suppose q + 4*q - 75 = d. What is the remainder when n(2) is divided by q?
14
Let y(j) = j**3 - 19*j**2 + 2*j - 28. Calculate the remainder when (3 + 0)*28/3 is divided by y(19).
8
Let q = 18 - 29. Let a(f) = 2*f + 2. Let n be a(-3). Let c = n - q. What is the remainder when c is divided by 3?
1
Suppose 98 = 3*c - b, -52 = -2*c + b - 3*b. What is the remainder when 90 is divided by c?
28
Suppose -91 = -2*x + 119. What is the remainder when x is divided by 18?
15
Let i(u) = -u**2 + 8*u + 2. Let o be i(8). Suppose -k - 5 = w, 2*k - 5*w = 3*k - 3. Let h = o - k. Calculate the remainder when 25 is divided by h.
7
Let g be 0 + (-4)/((-12)/9). Suppose g*r - 34 = -s, -3 = -r - 0*r - 2*s. Calculate the remainder when 50 is divided by r.
11
Let j(b) = -b**2 + b - 8*b - 2*b - 2. What is the remainder when 29 is divided by j(-6)?
13
Calculate the remainder when 43 + 11 - (-2 + 2 + 1) is divided by 11.
9
Let w(m) be the first derivative of -m**3/3 + 7*m**2/2 - 3*m - 4. What is the remainder when 15 is divided by w(3)?
6
Suppose 6 = 3*m + 3*o - 6*o, m - 10 = -o. Suppose v = m*v - 420. Suppose 2*p = -2*b + 40, 2*p + 3*p = -b + v. What is the remainder when 46 is divided by p?
14
Let v be 3*-1*(-2 - 0). Let p be -3*v*9/6. What is the remainder when 9 is divided by 141/27 + 6/p?
4
Let p(f) = 2*f - 1. Let c(j) = 2*j - 1. Let g(l) = -4*c(l) + 5*p(l). What is the remainder when g(8) is divided by 8?
7
Calculate the remainder when 7*24 + (2 - 0) + 2 is divided by 25.
22
Let v be (-2)/(-4)*(2 - 0). What is the remainder when (-29)/(3 + -2 - 2) is divided by 0/v - 5*-3?
14
Let j(g) = 2*g + 2. Let n(i) be the firs